ed by 229?
62
What is the remainder when 551 is divided by 20?
11
Calculate the remainder when 26 is divided by 4.
2
What is the remainder when 170 is divided by 57?
56
What is the remainder when 152 is divided by 21?
5
What is the remainder when 237 is divided by 20?
17
Calculate the remainder when 439 is divided by 25.
14
What is the remainder when 1251 is divided by 74?
67
What is the remainder when 2012 is divided by 289?
278
What is the remainder when 342 is divided by 14?
6
What is the remainder when 1456 is divided by 285?
31
What is the remainder when 40802 is divided by 18?
14
Calculate the remainder when 346 is divided by 29.
27
What is the remainder when 131 is divided by 45?
41
Calculate the remainder when 323 is divided by 37.
27
Calculate the remainder when 125 is divided by 22.
15
Calculate the remainder when 64 is divided by 54.
10
What is the remainder when 216 is divided by 102?
12
Calculate the remainder when 798 is divided by 242.
72
What is the remainder when 409 is divided by 26?
19
What is the remainder when 1924 is divided by 242?
230
Calculate the remainder when 1824 is divided by 356.
44
What is the remainder when 2967 is divided by 99?
96
Calculate the remainder when 225 is divided by 60.
45
What is the remainder when 56 is divided by 3?
2
What is the remainder when 141 is divided by 75?
66
Calculate the remainder when 349 is divided by 14.
13
What is the remainder when 1293 is divided by 16?
13
What is the remainder when 247 is divided by 32?
23
Calculate the remainder when 7658 is divided by 9.
8
What is the remainder when 494 is divided by 60?
14
Calculate the remainder when 231 is divided by 119.
112
Calculate the remainder when 81 is divided by 60.
21
What is the remainder when 279 is divided by 23?
3
Calculate the remainder when 198 is divided by 41.
34
What is the remainder when 837 is divided by 216?
189
What is the remainder when 258 is divided by 29?
26
What is the remainder when 9458 is divided by 91?
85
Calculate the remainder when 1265 is divided by 21.
5
Calculate the remainder when 145 is divided by 31.
21
What is the remainder when 4843 is divided by 1614?
1
Calculate the remainder when 177 is divided by 109.
68
Calculate the remainder when 2583 is divided by 72.
63
What is the remainder when 913 is divided by 92?
85
Calculate the remainder when 21 is divided by 9.
3
What is the remainder when 87 is divided by 86?
1
What is the remainder when 113 is divided by 60?
53
Calculate the remainder when 4232 is divided by 1406.
14
Calculate the remainder when 2827 is divided by 23.
21
What is the remainder when 856 is divided by 277?
25
Calculate the remainder when 7936 is divided by 378.
376
Calculate the remainder when 682 is divided by 19.
17
Calculate the remainder when 1019 is divided by 68.
67
Calculate the remainder when 10203 is divided by 27.
24
Calculate the remainder when 23 is divided by 20.
3
What is the remainder when 180 is divided by 8?
4
What is the remainder when 23 is divided by 12?
11
Calculate the remainder when 668 is divided by 36.
20
What is the remainder when 278 is divided by 3?
2
Calculate the remainder when 78 is divided by 4.
2
What is the remainder when 175 is divided by 61?
53
What is the remainder when 2525 is divided by 181?
172
Calculate the remainder when 2085 is divided by 174.
171
What is the remainder when 640 is divided by 65?
55
What is the remainder when 1790 is divided by 128?
126
Calculate the remainder when 801 is divided by 97.
25
What is the remainder when 351 is divided by 71?
67
What is the remainder when 1533 is divided by 22?
15
What is the remainder when 207 is divided by 15?
12
What is the remainder when 556 is divided by 70?
66
Calculate the remainder when 55 is divided by 43.
12
Calculate the remainder when 601 is divided by 32.
25
Calculate the remainder when 433 is divided by 26.
17
Calculate the remainder when 2117 is divided by 8.
5
Calculate the remainder when 86 is divided by 13.
8
What is the remainder when 139 is divided by 74?
65
Calculate the remainder when 1303 is divided by 155.
63
What is the remainder when 270 is divided by 118?
34
What is the remainder when 5640 is divided by 217?
215
Calculate the remainder when 144 is divided by 50.
44
Calculate the remainder when 246 is divided by 3.
0
What is the remainder when 1439 is divided by 19?
14
What is the remainder when 5284 is divided by 13?
6
Calculate the remainder when 370 is divided by 180.
10
Calculate the remainder when 545 is divided by 30.
5
Calculate the remainder when 208 is divided by 3.
1
What is the remainder when 52 is divided by 8?
4
What is the remainder when 232 is divided by 77?
1
Calculate the remainder when 5657 is divided by 138.
137
Calculate the remainder when 131 is divided by 31.
7
Calculate the remainder when 185 is divided by 53.
26
Calculate the remainder when 5157 is divided by 13.
9
Calculate the remainder when 459 is divided by 22.
19
What is the remainder when 1941 is divided by 72?
69
Calculate the remainder when 113 is divided by 32.
17
What is the remainder when 44 is divided by 15?
14
What is the remainder when 199 is divided by 34?
29
Calculate the remainder when 26878 is divided by 30.
28
What is the remainder when 84 is divided by 29?
26
Calculate the remainder when 3823 is divided by 15.
13
What is the remainder when 1004 is divided by 53?
50
What is the remainder when 258 is divided by 10?
8
Calculate the remainder when 11661 is divided by 9.
6
Calculate the remainder when 998 is divided by 111.
110
What is the remainder when 529 is divided by 259?
11
What is the remainder when 48 is divided by 43?
5
What is the remainder when 272 is divided by 260?
12
What is the remainder when 3943 is divided by 141?
136
What is the remainder when 3860 is divided by 385?
10
What is the remainder when 172 is divided by 50?
22
Calculate the remainder when 833 is divided by 140.
133
What is the remainder when 22354 is divided by 79?
76
Calculate the remainder when 835 is divided by 102.
19
Calculate the remainder when 585 is divided by 113.
20
What is the remainder when 1213 is divided by 120?
13
Calculate the remainder when 175 is divided by 30.
25
Calculate the remainder when 14 is divided by 4.
2
What is the remainder when 76 is divided by 4?
0
What is the remainder when 113 is divided by 112?
1
What is the remainder when 40 is divided by 30?
10
What is the remainder when 1425 is divided by 26?
21
Calculate the remainder when 115 is divided by 19.
1
Calculate the remainder when 319 is divided by 57.
34
Calculate the remainder when 359 is divided by 72.
71
What is the remainder when 2587 is divided by 517?
2
Calculate the remainder when 457 is divided by 29.
22
What is the remainder when 69 is divided by 39?
30
What is the remainder when 35 is divided by 19?
16
Calculate the remainder when 1237 is divided by 123.
7
Calculate the remainder when 6192 is divided by 21.
18
Calculate the remainder when 576 is divided by 58.
54
What is the remainder when 55 is divided by 17?
4
What is the remainder when 6 is divided by 3?
0
What is the remainder when 190 is divided by 89?
12
Calculate the remainder when 7621 is divided by 77.
75
What is the remainder when 221 is divided by 38?
31
Calculate the remainder when 161 is divided by 128.
33
Calculate the remainder when 1138 is divided by 115.
103
Calculate the remainder when 154 is divided by 18.
10
What is the remainder when 926 is divided by 68?
42
What is the remainder when 1040 is divided by 171?
14
Calculate the remainder when 450 is divided by 75.
0
Calculate the remainder when 777 is divided by 78.
75
Calculate the remainder when 566 is divided by 30.
26
What is the remainder when 904 is divided by 57?
49
What is the remainder when 174 is divided by 164?
10
What is the remainder when 1450 is divided by 720?
10
Calculate the remainder when 11202 is divided by 295.
287
Calculate the remainder when 206 is divided by 68.
2
Calculate the remainder when 10119 is divided by 22.
21
Calculate the remainder when 2771 is divided by 44.
43
Calculate the remainder when 240 is divided by 210.
30
What is the remainder when 281 is divided by 22?
17
Calculate the remainder when 658 is divided by 19.
12
Calculate the remainder when 1028 